 List the prime factors of ((-16)/h)/((-4)/(-6)).
2
Suppose -t + 378 = w, w - 2*t - 384 = -t. Suppose -d = 2*d - w. What are the prime factors of d?
127
Let p(n) = -n**3 - 8*n**2 - 6*n + 5. Let b be p(-7). Let q be ((-32)/10)/(b/5). Let h(i) = i**3 - 9*i**2 + 9*i - 2. List the prime factors of h(q).
2, 3
Suppose 3168 = 5*t + t. What are the prime factors of t?
2, 3, 11
Let w = 0 + 18. Suppose -q - 2*q = -w. What are the prime factors of q?
2, 3
Suppose -5*q = -8*a + 5*a + 7477, 0 = -2*q - 10. List the prime factors of a.
2, 3, 23
Let g(c) = -3*c + 28. Let n be g(8). Suppose -3*o + n*v = -663, o - 4*v = -0*o + 213. What are the prime factors of o?
3, 5
Let x = 1706 + -1715. Let r(m) = -11 + 0*m - 6 - 6*m. What are the prime factors of r(x)?
37
List the prime factors of 4 + ((-1)/(-2))/((-14)/(-1260)).
7
Suppose 13 = 2*b + 5*f - 8, -5*b - 4*f = -44. Let j(q) = q**2 - 3*q - 10. Let g be j(b). What are the prime factors of (g/25)/(2/5)?
3
Let f(s) be the second derivative of s**3/2 - 9*s**2/2 - 2*s. Let a be f(-5). Let z = 58 + a. List the prime factors of z.
2, 17
Let o = -181 + 180. Let k(m) be the second derivative of -61*m**5/20 + m**3/3 + m**2/2 + 2*m. What are the prime factors of k(o)?
2, 3, 5
Suppose 0 = -5*r - r + 1026. Let j = r - 74. List the prime factors of j.
97
List the prime factors of (2 + -1)*(1596 + 23).
1619
Suppose -3*u + 1035 = -747. What are the prime factors of u?
2, 3, 11
Let k = -1447 + 2412. What are the prime factors of k?
5, 193
Suppose 5*h = 2*h - 4*l + 618, -l - 843 = -4*h. Suppose -74 = -z - 2*o, 0*z = 3*z + 2*o - h. List the prime factors of z.
2, 17
Suppose -3*i + 2754 = -2*o, 0 = -3*i - 0*i + 4*o + 2754. List the prime factors of i.
2, 3, 17
Let q = 4870 - 2492. List the prime factors of q.
2, 29, 41
Let i = -413 - -510. List the prime factors of i.
97
Let b(g) = -5*g + 14 + 5 + 22. What are the prime factors of b(-13)?
2, 53
Let c = 49 + -44. Suppose x = -5*m + 196, -5*m - 1 + 201 = c*x. List the prime factors of m.
3, 13
Suppose -5*a + 50 = -4*a. What are the prime factors of a - -2*(-5)/10?
7
Let k = 1478 + -449. List the prime factors of k.
3, 7
Suppose -1 = -k + 4. Suppose 248 - 38 = k*a. Suppose -a = -2*o - 16. List the prime factors of o.
13
Suppose 14*g - 1354 + 192 = 0. List the prime factors of g.
83
Suppose 25 = 4*z - 2*z - 3*q, -4*q - 20 = 0. What are the prime factors of -67*(z - 8)/3?
67
Let l = 3705 - 1867. What are the prime factors of l?
2, 919
Suppose -5*k = o - 329, 2*o - k + 5*k - 658 = 0. Suppose 5*r - 4*h = -5*h + o, 2*r + 4*h - 128 = 0. Let f = r + -25. List the prime factors of f.
41
What are the prime factors of 14 + -2 + -5 - (-3340 - -5)?
2, 3, 557
Let c(j) = -j**2 + 11*j + 5. Let z be c(11). Suppose -36 = z*y - 6. List the prime factors of ((-2)/y)/((-2)/(-24)).
2
Suppose 5*f + 2*g + 208 = 0, 49 = 2*f - 2*g + 135. Let h = 35 - f. What are the prime factors of h?
7, 11
Let q be 20/11 + (-4)/(-22)*1. List the prime factors of 61 + q/8*3*4.
2
Let k = 2 - -1. Let b be 2/(-4)*k*-2. Suppose -q + 5*w + 38 = 0, -w + 19 - 119 = -b*q. What are the prime factors of q?
3, 11
List the prime factors of (3 + (-3)/5)/((-2)/(-105)).
2, 3, 7
Let f = 63 + -56. Suppose 10*j - f*j = 390. List the prime factors of j.
2, 5, 13
Suppose 5*n - 970 = 6*s - s, 0 = 5*s + 5. Let c = n - 41. What are the prime factors of c?
2, 19
Let z = 1622 + -537. List the prime factors of z.
5, 7, 31
Suppose -3*u = -7*u + 184. Let a = u - 79. What are the prime factors of a/22*248/(-6)?
2, 31
Suppose 57*t = 65*t - 2184. List the prime factors of t.
3, 7, 13
Suppose -2*f + 13 - 5 = 0. Suppose f*p + 12 = -2*d, 4*d + 4*p + 27 = -p. List the prime factors of 19 + (d + 4 - 0).
3, 5
Let y(z) = z - 7. Let q be y(5). Let n = 85 + q. List the prime factors of n.
83
Let p = -9 + 9. Suppose p*y + 4*y - 164 = 0. List the prime factors of -1 + y - (0 + 2).
2, 19
Let y(r) = -r**3 + 10*r**2 - 17*r + 6. Let n be y(8). Let f(w) = -6*w - 7. What are the prime factors of f(n)?
5
Let z(i) = 231*i**2 - 2*i + 3. Suppose 2*d - 7 = -5*r, 2*d - d = -3*r + 4. What are the prime factors of z(r)?
2, 29
Suppose q + 5*d = 1174, 12*q = 11*q + 5*d + 1164. What are the prime factors of q?
7, 167
Let m = 1209 - -956. What are the prime factors of m?
5, 433
Suppose 0 = 4*g - 16, a + 17*g = 12*g + 511. What are the prime factors of a?
491
Suppose -19*x + 34897 = -7454. List the prime factors of x.
3, 743
Let t(x) = 2*x - 29. Let q be t(21). Let c(w) = -w**3 + 14*w**2 - 2*w - 18. List the prime factors of c(q).
5
Suppose -3*f = 746 + 940. Let n be f/(-10) + (-2)/10. Suppose 2*j = -3*k + 6*j + n, -3*k + 46 = -2*j. List the prime factors of k.
2, 3
Let z(r) be the first derivative of 3*r**2 - 4*r + 13. Suppose 8 + 1 = y. What are the prime factors of z(y)?
2, 5
Let r = 239 + 317. What are the prime factors of r?
2, 139
Suppose -2*o = -0 - 8. Suppose 0*x - o*x = 48. Let m = 38 + x. What are the prime factors of m?
2, 13
Suppose 2*c + 62 = 88. Suppose -21*t + c*t + 344 = 0. List the prime factors of t.
43
Let o be -4 - (-1*8 - -2). Suppose -3*r = m + 27, r - 3*m + 9 = -6*m. Let y = o - r. What are the prime factors of y?
11
Suppose 2706 = 4*w + 234. List the prime factors of w.
2, 3, 103
Suppose 4*g - 3*m = 440, 3*g = -2*g - 3*m + 523. Suppose -2*h - 121 = -5*l, -h - 6*l = -l + 68. Let w = h + g. List the prime factors of w.
2, 11
Suppose -l - 34*z = -33*z - 3813, -19077 = -5*l - z. List the prime factors of l.
2, 3, 53
Suppose z = 5*x - 208, x - 4*z - 34 = -0*x. Let a = x + -28. Suppose -5*r + 4*n = 10, 3*r - 3*n - n = -a. List the prime factors of r.
2
Suppose -5*x - 464 = -4*t, -4*x - 2*t + t = 367. Let o = x - -178. What are the prime factors of o?
2, 43
Suppose 2*n - 17 = 5*q - 4, 2*n - 5 = -3*q. Suppose o - 3*z + 2 + 2 = 0, 29 = n*o - 3*z. What are the prime factors of o?
11
What are the prime factors of 1 + 0 - (-3386 - (17 + -33))?
3371
Let g = 0 + 2. Suppose g*k + 8 = 0, -2*b + 0*b - 24 = 4*k. Let o = b + 12. What are the prime factors of o?
2
Let r be (2 + -3 - 1)*-4. List the prime factors of (52 - r - 2) + -1*2.
2, 5
Let o(f) = 8*f**2 - 3*f - 5. Let c(d) = -9*d**2 + 2*d + 5. Let t(x) = 6*c(x) + 7*o(x). List the prime factors of t(-3).
2, 5
Suppose 0 = -2*m + 173 - 57. Suppose -17 = -5*n + m. List the prime factors of n.
3, 5
Let z be 0 + (0 - 0) - -4. Suppose z*f = -21 + 1, -5*f + 170 = 5*j. Let b = 5 + j. List the prime factors of b.
2, 11
Suppose -7*m + 3*m + 2*f + 14 = 0, 3*f + 9 = 0. Suppose 5*q + 2 = 3*p, -5*p + m*p = -q - 10. What are the prime factors of (p/4 - -15) + 3?
19
Suppose 0*d = -4*d - 4. Let o be ((d + 1)/2)/(-1). Suppose 15 = -3*g, 0 = -o*l + 5*l + 5*g - 25. What are the prime factors of l?
2, 5
Suppose 5*a - 25 = 0, 2*a - 10 = 4*b + b. What are the prime factors of 48 - 1*(b + -3)?
3, 17
Suppose -l + 51 = v, -2*l + 1 = 3. Suppose -v = -2*r + 134. Suppose -5*t + r + 82 = 0. List the prime factors of t.
5, 7
Suppose 4 = -2*s + 6*s - 2*r, 5*r = -4*s - 10. Suppose -5*x + 34 + 101 = s. What are the prime factors of x?
3
Suppose 52 - 34 = 6*j. Suppose -7*t + 1220 = j*t. List the prime factors of t.
2, 61
Let y = -2430 - -5096. What are the prime factors of y?
2, 31, 43
Let m(q) be the third derivative of q**6/120 + q**5/60 - q**4/24 + q**3/3 - 2*q**2. Let a be m(0). Suppose -a*t = 4 - 10. List the prime factors of t.
3
What are the prime factors of 3 - 2 - (-2 + (-1473)/3)?
2, 13, 19
Suppose -o + x - 4 = 0, 4*o - 5*x = -4*x - 13. List the prime factors of 236*((-6)/4)/(9/o).
2, 59
What are the prime factors of (-112 - -4297)*2/5?
2, 3, 31
Let m(i) = -i**3 - 2*i**2 + 14*i + 245. List the prime factors of m(0).
5, 7
Suppose -21 = -11*s + 8*s. Suppose s*x = 3*x + 116. List the prime factors of x.
29
Let o = 1483 + -350. Suppose 4*n + w - o = 0, 0 = 3*n - 3*w - 1035 + 189. List the prime factors of n.
283
Let x = 41 + -71. What are the prime factors of 9/x*8/6*-180?
2, 3
Let o = 1978 + -911. List the prime factors of o.
11, 97
Let a(j) be the third derivative of 0*j**3 + 0*j + 0 - 1/4*j**4 + 8*j**2. List the prime factors of a(-1).
2, 3
Suppose i = -0*i - 10. What are the prime factors of (-5)/10 + i/(-4)?
2
Let r(h) = h**3 - 4*h**2 - 9*h - 12. Let z be r(6). Let a(y) = -2*y**3 + 12*y**2 - y + 18. What are the prime factors of a(z)?
2, 3
Suppo